*y + 4*n + 122, -115 = 2*y - 3*n - 196. What is the remainder when 293 is divided by y?
41
Let h(r) = r**2 + 2*r - 22. Let p be h(6). What is the remainder when 53 is divided by -4*(605/(-130) - (-4)/p)?
17
Suppose 30 + 6 = -9*c. Let d(o) = -11*o + 4. What is the remainder when d(-3) is divided by 5/2*-4*4/c?
7
Suppose -6*l - 143 = 5*k - 3*l, -4*k - 2*l = 116. Let y = k + 13. Calculate the remainder when y/63 - 443/(-7) is divided by 11.
8
Suppose -1 = -5*r + 4. Let x(l) = 3*l - 1. Calculate the remainder when x(6) is divided by ((-18)/10)/(r/(-5)).
8
Suppose -102*l = -142 - 564 - 110. Suppose 0 = 2*d + 5 - 15. Calculate the remainder when l is divided by d.
3
Let v = -32 - -19. Let u(f) = f**2 + 8*f + 11. Let g be u(v). Suppose 3*p - g = p. What is the remainder when p is divided by 8?
6
Let o be (-1*2)/(8/12). What is the remainder when 17 is divided by o + -16*(-3)/6?
2
Let p = 744 + -478. What is the remainder when p is divided by 30?
26
Suppose 0 = 4*y + 5*y - 180. What is the remainder when (-348)/(-9)*((-6)/(-4))/1 is divided by y?
18
Suppose -14*x = -x - 1729. What is the remainder when x is divided by 41?
10
Suppose -77*v = -1013 - 450. Calculate the remainder when v is divided by 12.
7
Suppose 4*h = -h - 5*c - 170, -3*h = 4*c + 106. Let l = h - -32. What is the remainder when 4 is divided by l?
0
Let k = 63 - 52. Suppose -2*s = m - 0*s - k, -3*m - 2*s = -25. Calculate the remainder when m is divided by 5.
2
Let c(q) = 70*q**3 - 2*q**2 + 1. Suppose -4*k + 3*l + 63 = 16, -k = -5*l - 16. Let i = k - 10. Calculate the remainder when c(i) is divided by 18.
15
Calculate the remainder when 270 is divided by (-3 - (-2)/2)*-8.
14
Suppose -5*n + c + 13 = 0, -2*n - 5*c = -0*n + 11. Suppose 14 = n*j - 0. Suppose g = -5 + 16. What is the remainder when g is divided by j?
4
Let n = 1033 - 999. Calculate the remainder when 99 is divided by n.
31
Let s(i) = 11*i**2 + 2*i + 1. Suppose 3*b - x + 75 = 5*b, x + 159 = 4*b. Calculate the remainder when b is divided by s(-1).
9
Let o = 18 - -5. Suppose 0 = -4*r - 0*r + 352. Suppose -4*h + r = 3*y, -3*h + o = y - 8*h. Calculate the remainder when y is divided by 6.
4
Suppose 145 = 2*z - 0*z + 5*m, 0 = -z + 4*m + 53. Let i = 6 + 11. Calculate the remainder when z is divided by i.
14
Suppose -11*b - 4*b = -135. Let n = 4 + 0. Calculate the remainder when b is divided by n.
1
Let p(n) = -n**3 - 6*n**2 + 3*n - 8. What is the remainder when p(-8) is divided by 17?
11
Suppose -1 + 9 = -4*p. What is the remainder when (8878/(-69))/(p/3 + 0) is divided by 49?
46
Let f(v) = v**3 - 35*v**2 + 6*v - 31. What is the remainder when f(35) is divided by 14?
11
Calculate the remainder when (-3 - -4)/3*339 is divided by 45.
23
Let r = 9 - 6. Suppose r*j - 6 = s + 26, -2*s - 16 = -2*j. Let k = -2661 - -2720. What is the remainder when k is divided by j?
11
Let s = 21 - 0. Let v(x) = x**2 + 0*x**2 - s*x + 3 + 25*x. Calculate the remainder when 23 is divided by v(-5).
7
Let w(q) = -3*q + 25. Let k be w(8). Let b(j) = 49*j + 1. What is the remainder when b(k) is divided by 4?
2
Let t = -887 + 908. What is the remainder when 149 is divided by t?
2
Suppose 0 = 27*q + 41*q - 4284. What is the remainder when 110 is divided by q?
47
Let s(a) = 2*a - 7. Let y be s(5). Suppose y*c = -3*v + 3, -c - 14 = -2*v + 3*c. What is the remainder when 11 - -1 - v/(-3) is divided by 5?
3
Let v(n) = 7*n**3 - 6*n**3 + 7*n + 8*n**2 + 3*n**2. Calculate the remainder when v(-10) is divided by 20.
10
Let c be (-30)/(-4) + 1/(-2). Let v = c - 7. Suppose 3*u - 5*a - 35 = 0, v = -u - 0*u + 2*a + 13. Calculate the remainder when 14 is divided by u.
4
Suppose -10*g - 2296 = -2466. What is the remainder when 130 is divided by g?
11
Suppose 4*z - 2*f = -z + 59, -3*f = -9. Calculate the remainder when 283 is divided by z.
10
Suppose 7*w - 4*w - 24 = 0. Let k(y) = y + 55. Let l be k(0). Let z = l - 33. What is the remainder when z is divided by w?
6
Suppose -5*u + 4*u + 3 = 0. Suppose -u*l = -2*y + 3, -y + 4*l - 47 = -4*y. Calculate the remainder when y is divided by 6.
3
Let u = -1160 + 1642. Calculate the remainder when u is divided by 69.
68
Let v(p) = 4*p**2 + 11*p - 43. What is the remainder when v(7) is divided by 18?
14
Suppose -16*b + 238 = -2*b. Calculate the remainder when 100 is divided by b.
15
Suppose 6*m = 8*m + c - 776, -4*m + 5*c + 1552 = 0. Suppose -m = -5*u + u. What is the remainder when u is divided by 50?
47
Suppose 20*b = 47*b - 999. What is the remainder when 108 is divided by b?
34
Let v = -15 - -21. Suppose 0 = v*d - 8*d + 14. Let b = d - -2. What is the remainder when b is divided by 6?
3
Suppose -82*u + 40*u = -35112. Calculate the remainder when u is divided by 40.
36
Let s(g) = g**2 - 7*g + 6. Let i be s(4). Let x be (1 + -4)*(-10)/i. Calculate the remainder when 40/x*(-2 + -2) is divided by 11.
10
Suppose -15*o + 16*o - 7 = 0. Suppose 3*j = o*j - 168. What is the remainder when (j/12)/(2/28) is divided by 10?
9
Let s = 118 + -99. What is the remainder when 131 is divided by s?
17
Let o(q) = -q + 6. Let s be o(0). Suppose -s*v = -v - 100. Calculate the remainder when 78 is divided by v.
18
Let w = -9 + 4. Let t(i) = 0 + 10 + 4*i - 3*i. What is the remainder when t(w) is divided by 3?
2
Suppose -501 + 642 = 3*p. What is the remainder when 86 is divided by p?
39
Suppose -1456 = -21*q - 322. Suppose -5*p = 4*p - q. Let s = -31 - -53. What is the remainder when s is divided by p?
4
Suppose 0 = -4*a + 542 - 130. Let z = a + -52. Calculate the remainder when z is divided by 26.
25
Let s = 390 - 420. Let n = -145 - -100. Let g = s - n. Calculate the remainder when 27 is divided by g.
12
Let z = 18 - 13. Let y = 783 - 756. What is the remainder when y is divided by z?
2
Let d = 212 + -182. What is the remainder when 131 is divided by d?
11
Suppose t + 19 = 4. Let p be (-2 - 1) + -8 + -2. Calculate the remainder when (t/4)/(p/156) is divided by 23.
22
Suppose -4*z + 5*y - 255 = 248, -z - 2*y - 129 = 0. Let x = z - -185. Calculate the remainder when x is divided by 15.
13
Let c(j) = -4*j + 15. Let m be c(3). Suppose m*w + 2 = i, 2*w = 5*i - 0*i - 10. Calculate the remainder when 17 is divided by i.
1
Suppose 2*o = -6, -2*o + 404 + 30 = 4*g. Calculate the remainder when g is divided by 40.
30
Let z(j) = 4*j**3 - 10*j**2 - 38*j + 182. What is the remainder when z(8) is divided by 46?
44
Suppose i = l + 192, i - 5*i + 762 = -2*l. Suppose 0 = 3*p - 0 - i. Let o(n) = -3*n - 8. What is the remainder when p is divided by o(-8)?
15
Suppose -f = -7 + 6. What is the remainder when (-3)/(f*2/(-14)) is divided by 4?
1
Let v(k) = 24*k + 285. What is the remainder when v(-7) is divided by 31?
24
Let h(j) = 2*j**2 - 14*j + 3. Let m be h(4). Calculate the remainder when 29 is divided by 7/(m/(-9)) + 12.
14
Suppose -2*w + 97 = 5*g, 2*g + 26 = 4*g + 4*w. Let i = g - 13. Suppose -i*z + 3*z = -35. What is the remainder when z is divided by 5?
2
Suppose -5*d + 2451 = -3*y, -4*d + 3*y - 5*y + 1974 = 0. Let x = 94 + -63. What is the remainder when 1*(-2)/((-8)/d) is divided by x?
30
Suppose 171*u - 168*u = 18. Calculate the remainder when 81 is divided by u.
3
Let f(v) = -v + 11. Let q be f(6). Suppose -4*c + 1 + 2 = i, 3*i = -q*c + 23. What is the remainder when (-6)/105*-7 - 1012/(-20) is divided by i?
7
Let v = -223 + 298. Calculate the remainder when v is divided by 33.
9
Let a = 74 + 32. What is the remainder when a is divided by 22?
18
Suppose 8*b - 11*b = -630. What is the remainder when b is divided by 72?
66
Suppose -268 - 304 = -26*v. What is the remainder when 67 is divided by v?
1
Suppose -12*n = -6*n - 162. Let v = 109 + -59. Calculate the remainder when v is divided by n.
23
Suppose 3*d - 48 = -2*y - 9, 0 = 5*d - y - 65. Suppose 0 = -378*l + 373*l + 190. What is the remainder when l is divided by d?
12
Let k(t) = -2*t**3 + 4*t**2 + 3. Let i(f) = f**3 - 3*f**2 - 2. Let d(b) = 4*i(b) + 3*k(b). Calculate the remainder when 7 is divided by d(-1).
1
Let y(q) = -2*q**3 - 159*q**2 + 77*q - 192. Suppose -w - w - 4*f + 278 = 0, -3*f = 0. Calculate the remainder when w is divided by y(-80).
43
What is the remainder when 418 is divided by (8/14)/(-2) - (-142)/7?
18
Let m be (3 - 3/1)/1. Suppose m = 3*w + 2 - 17. Let b = -8 - -15. Calculate the remainder when